e 5?
140
Convert -100110 (base 2) to base 10.
-38
Convert 44 (base 7) to base 11.
2a
Convert -5 (base 15) to base 5.
-10
31 (base 12) to base 9
41
Convert 38 (base 11) to base 4.
221
0 (base 15) to base 2
0
-a0 (base 11) to base 16
-6e
What is 234 (base 9) in base 8?
301
What is -8 (base 10) in base 15?
-8
-46 (base 11) to base 8
-62
What is -7 (base 14) in base 8?
-7
1101 (base 6) to base 5
2003
-100 (base 2) to base 13
-4
Convert 13 (base 6) to base 9.
10
Convert -2 (base 10) to base 11.
-2
Convert 23 (base 8) to base 10.
19
What is 1010 (base 2) in base 12?
a
Convert -53 (base 16) to base 6.
-215
0 (base 4) to base 13
0
What is 82 (base 15) in base 6?
322
What is -4 (base 14) in base 4?
-10
26 (base 10) to base 7
35
Convert -7 (base 11) to base 10.
-7
Convert 3 (base 5) to base 13.
3
What is -4 (base 12) in base 10?
-4
10000 (base 2) to base 10
16
-76 (base 16) to base 13
-91
Convert 12 (base 3) to base 2.
101
Convert -94 (base 12) to base 3.
-11011
-c (base 14) to base 16
-c
What is -20 (base 8) in base 11?
-15
-563 (base 7) to base 9
-352
What is 12 (base 16) in base 11?
17
10 (base 9) to base 14
9
Convert -51 (base 9) to base 3.
-1201
a (base 15) to base 6
14
What is -2 (base 12) in base 10?
-2
Convert 9 (base 14) to base 13.
9
3 (base 9) to base 12
3
Convert 10 (base 7) to base 16.
7
-10110 (base 2) to base 14
-18
111 (base 4) to base 15
16
-9 (base 10) to base 8
-11
33 (base 5) to base 13
15
20 (base 4) to base 11
8
Convert 131 (base 8) to base 13.
6b
1 (base 5) to base 2
1
d (base 14) to base 7
16
Convert -2 (base 12) to base 10.
-2
Convert 3 (base 10) to base 12.
3
What is -11 (base 11) in base 12?
-10
Convert -232 (base 6) to base 2.
-1011100
-1 (base 2) to base 15
-1
What is 24 (base 13) in base 8?
36
0 (base 16) to base 12
0
What is 11 (base 2) in base 12?
3
-5 (base 6) to base 9
-5
-210 (base 3) to base 10
-21
Convert 1a (base 14) to base 6.
40
3 (base 6) to base 10
3
Convert -13 (base 13) to base 8.
-20
111 (base 2) to base 3
21
-122 (base 3) to base 9
-18
1 (base 2) to base 14
1
Convert 1 (base 6) to base 12.
1
-221 (base 4) to base 7
-56
Convert 32 (base 9) to base 2.
11101
1 (base 8) to base 9
1
122 (base 7) to base 12
55
Convert -2 (base 13) to base 16.
-2
What is 10 (base 13) in base 4?
31
What is -4 (base 14) in base 3?
-11
Convert -1 (base 9) to base 8.
-1
Convert -6 (base 14) to base 5.
-11
Convert 45 (base 11) to base 16.
31
Convert 1d (base 16) to base 10.
29
What is -21 (base 4) in base 16?
-9
Convert -15 (base 14) to base 7.
-25
What is 3 (base 5) in base 14?
3
Convert -13 (base 4) to base 6.
-11
1 (base 13) to base 15
1
Convert 113 (base 5) to base 13.
27
What is 233 (base 5) in base 13?
53
What is -3 (base 10) in base 11?
-3
What is 2 (base 4) in base 5?
2
Convert 1 (base 11) to base 3.
1
What is -25 (base 6) in base 13?
-14
Convert -3 (base 10) to base 3.
-10
What is -1a (base 11) in base 4?
-111
What is -1 (base 6) in base 13?
-1
10 (base 2) to base 7
2
What is 0 (base 14) in base 9?
0
3 (base 13) to base 9
3
What is -7b (base 14) in base 5?
-414
Convert -344 (base 5) to base 3.
-10200
What is 11 (base 4) in base 5?
10
-a (base 13) to base 9
-11
101110 (base 2) to base 16
2e
Convert 31 (base 5) to base 8.
20
Convert 7 (base 13) to base 12.
7
1 (base 8) to base 6
1
What is 1 (base 10) in base 4?
1
Convert -121 (base 3) to base 14.
-12
What is 20001 (base 3) in base 7?
322
Convert -2011 (base 4) to base 6.
-341
-4 (base 7) to base 2
-100
6 (base 15) to base 2
110
Convert -3 (base 11) to base 5.
-3
What is -22 (base 4) in base 6?
-14
53 (base 7) to base 15
28
What is -101 (base 7) in base 9?
-55
-11 (base 5) to base 11
-6
Convert 254 (base 6) to base 8.
152
Convert 4 (base 6) to base 11.
4
What is 2 (base 4) in base 10?
2
What is -1000 (base 3) in base 4?
-123
Convert 6 (base 13) to base 11.
6
Convert 17 (base 13) to base 6.
32
Convert 1 (base 11) to base 13.
1
What is 29 (base 12) in base 3?
1020
Convert -44 (base 14) to base 2.
-111100
Convert 1 (base 13) to base 6.
1
-4 (base 15) to base 7
-4
-9 (base 10) to base 2
-1001
What is 37 (base 8) in base 4?
133
-1e (base 15) to base 12
-25
What is 1 (base 14) in base 7?
1
Convert -9 (base 15) to base 11.
-9
-303 (base 4) to base 15
-36
49 (base 13) to base 2
111101
What is 100010011 (base 2) in base 15?
135
Convert -11 (base 5) to base 9.
-6
Convert 1 (base 11) to base 8.
1
Convert -20 (base 11) to base 3.
-211
Convert 2 (base 13) to base 7.
2
Convert -5e (base 16) to base 15.
-64
Convert 3 (base 6) to base 8.
3
-14 (base 6) to base 12
-a
Convert -138 (base 9) to base 5.
-431
5 (base 13) to base 4
11
Convert -6 (base 14) to base 8.
-6
What is a5 (base 12) in base 8?
175
Convert -2 (base 6) to base 16.
-2
Convert -11 (base 11) to base 16.
-c
What is -e (base 16) in base 11?
-13
Convert 7 (base 10) to base 7.
10
Convert -32 (base 13) to base 6.
-105
-1 (base 8) to base 13
-1
Convert -2 (base 12) to base 2.
-10
Convert -1021 (base 3) to base 8.
-42
What is 25 (base 14) in base 6?
53
-104 (base 10) to base 14
-76
Convert 2 (base 16) to base 9.
2
What is 122 (base 3) in base 9?
18
Convert -1 (base 15) to base 14.
-1
What is 49 (base 16) in base 2?
1001001
Convert 110222 (base 3) to base 9.
428
Convert -24 (base 8) to base 7.
-26
Convert -14 (base 5) to base 15.
-9
Convert -5 (base 15) to base 3.
-12
What is -1 (base 4) in base 7?
-1
Convert -10222 (base 3) to base 5.
-412
2 (base 5) to base 13
2
Convert 2121 (base 4) to base 2.
10011001
Convert b (base 13) to base 14.
b
1 (base 15) to base 5
1
What is -107 (base 10) in base 6?
-255
0 (base 13) to base 15
0
Convert 12 (base 10) to base 5.
22
What is -125 (base 8) in base 16?
-55
Convert 76 (base 8) to base 16.
3e
Convert -5 (base 13) to base 5.
-10
What is -41 (base 7) in base 8?
-35
Convert 10a (base 11) to base 12.
ab
6 (base 11) to base 16
6
What is 18 (base 9) in base 15?
12
23 (base 11) to base 10
25
What is -312 (base 7) in base 13?
-c0
Convert 71 (base 10) to base 3.
2122
6 (base 11) to base 14
6
Convert 340 (base 7) to base 14.
c7
-7 (base 11) to base 10
-7
What is -3 (base 12) in base 5?
-3
-16f (base 16) to base 4
-11233
Convert 8a (base 15) to base 10.
130
3 (base 6) to base 2
11
-215 (base 7) to base 10
-110
-38 (base 12) to base 16
-2c
What is 10001 (base 2) in base 7?
23
12 (base 15) to base 6
25
30 (base 14) to base 11
39
Convert 0 (base 7) to base 15.
0
What is -555 (base 6) in base 16?
-d7
-b3 (base 16) to base 11
-153
What is -1b (base 16) in base 6?
-43
Convert -2 (base 10) to base 8.
-2
What is -22 (base 3) in base 4?
-20
Convert 3 (base 6) to base 3.
10
Convert 41 (base 14) to base 5.
212
Convert -1112 (base 4) to base 7.
-152
-10 (base 3) to base 5
-3
What is 52 (base 6) in base 8?
40
3 (base 7) to base 11
3
What is 11 (base 10) in base 9?
12
What is -1031 (base 4) in base 13?
-5c
Convert 110 (base 2) to base 11.
6
221 (base 8) to base 11
122
What is -1 (base 3) in base 4?
-1
111 (base 8) to base 15
4d
21 (base 7) to base 8
17
Convert 7 (base 10) to base 13.
7
Convert 20 (base 10) to base 11.
19
Convert 0 (base 3) to base 2.
0
What is -47 (base 15) in base 2?
-1000011
20 (base 13) to base 7
35
21 (base 5) to base 4
23
0 (base 12) to base 3
0
What is -21 (base 11) in base 15?
-18
7 (base 16) to base 6
11
8 (base 14) to base 2
1000
What is 42 (base 12) in base 8?
62
-3b (base 12) to base 7
-65
Convert 3 (base 15) to base 13.
3
Convert 3a (base 16) to base 15.
3d
162 (base 10) to base 12
116
What is 203 (base 9) in base 12?
119
-130 (base 7) to base 11
-64
74 (base 12) to base 8
130
-3030 (base 4) to base 7
-411
Convert -199 (base 11) to base 9.
-274
41 (base 12) to base 15
34
Convert a8 (base 15) to base 9.
185
4 (base 6) to base 14
4
Convert 0 (base 14) to base 15.
0
What is 1111 (base 2) in base 4?
33
Convert 13 (base 4) to base 12.
7
10 (base 16) to base 11
15
2 (base 8) to base 15
2
Convert 24 (base 9) to base 16.
16
Convert -25 (base 11) to base 12.
-23
Convert -15 (base 14) to base 8.
-23
Convert -9 (base 15) to base 7.
-12
Convert -100100 (base 2) to base 15.
-26
What is -7 (base 10) in base 12?
-7
-8 (base 11) to base 9
-8
Convert -2021 (base 3) to base 2.
-111101
1 (base 2) to base 7
1
What is 13 (base 10) in base 13?
10
-6 (base 15) to base 11
-6
3113 (base 4) to base 3
21222
-4 (base 15) t